h(s) = -4*s - 1. Let y be h(-2). Let j(r) = 2*r + 3. Calculate the remainder when 49 is divided by j(y).
15
Suppose -7*l - 50 = -260. Calculate the remainder when l is divided by 16.
14
Let l(w) = w**2 + 2*w - 4. Suppose -1 = -i + 2. What is the remainder when 31 is divided by l(i)?
9
Let f be 2/5 - 372/(-20). Suppose 2*m = 3*m - f. Calculate the remainder when 55 is divided by m.
17
Let w(b) = 3*b - 16. Calculate the remainder when 127 is divided by w(14).
23
Let f(o) = 5*o**2 - o. Suppose -4*x - 18 = -26. What is the remainder when 33 is divided by f(x)?
15
Suppose 3*z + 2 = -16. Let a = 8 + z. Suppose 0 = m - a*m + 8. Calculate the remainder when 15 is divided by m.
7
Suppose 3*y + 144 = 6*y. Calculate the remainder when 94 is divided by y.
46
Suppose 0*u - 5*u = 0, -3*h + u + 9 = 0. What is the remainder when 7 is divided by h?
1
Let i = 128 + -119. Calculate the remainder when 105 is divided by i.
6
Suppose -51 - 14 = -5*y. What is the remainder when 51 is divided by y?
12
Suppose 90 = 5*p + j + 4*j, -5*p + j + 60 = 0. What is the remainder when p is divided by (1 - -2) + (1 - -1)?
3
Let a = 33 + -19. Let s(h) = 3*h + 27*h**2 - 3*h - 1. What is the remainder when s(1) is divided by a?
12
Suppose 0 = -10*c + 12*c - 20. Calculate the remainder when 49 is divided by c.
9
Let d(o) = 12*o**2 - 2*o - 9. What is the remainder when d(3) is divided by 47?
46
Let a(h) = h**2 + 1. Suppose 0 = -j + 14 + 10. Let v = -11 + j. What is the remainder when v is divided by a(-2)?
3
Let j = 11 + -1. Let z(x) = 4*x - 3. Let d = 22 + -14. Calculate the remainder when z(d) is divided by j.
9
Let r(z) = z**3 + z**2 + 4. Let u be r(0). Calculate the remainder when (2 - 1)*20/u is divided by 3.
2
Suppose -5*p + 462 - 117 = 0. Calculate the remainder when p is divided by 24.
21
Let x(w) = w**2 + 5*w - 7. Calculate the remainder when 47 is divided by x(3).
13
Suppose -2 = -2*x - 2*n, x - 2*n + 0*n - 10 = 0. Calculate the remainder when x is divided by 3/2*(-12)/(-9).
0
Suppose -2*q - q = 3*j - 75, -2*j + 4*q = -32. What is the remainder when 195 is divided by j?
19
Suppose 0*z = -4*n - 3*z + 3, 6 = 5*n + 3*z. Suppose 0*q - n*q = -6. Calculate the remainder when 5 is divided by q.
1
Suppose 4*i + 0*g + g - 52 = 0, 4*g = -5*i + 76. Suppose 3*w - 5*t + 3 = 13, 2*w - t = 9. Calculate the remainder when i is divided by w.
2
What is the remainder when 8/12 + 528/18 is divided by 20?
10
Suppose -27 = -3*d + k + 44, 2*d - 46 = k. What is the remainder when 73 is divided by d?
23
Let c(t) = -3*t**3 + 2*t**2 - 6*t - 7. Calculate the remainder when c(-4) is divided by 9.
7
Let x = 0 - -2. Let n(q) = 5*q**3 - 2*q**2 + 1. What is the remainder when n(x) is divided by 18?
15
Suppose 0*q = -2*q + 4. Suppose -3*b - q*b + 70 = 0. What is the remainder when 26 is divided by b?
12
Suppose -h - 13 = q, -q = 2*h + 8 + 4. Let p = q - -34. What is the remainder when p is divided by 7?
6
Let l(b) = -2*b**2 - 53*b + 40. Calculate the remainder when 50 is divided by l(-27).
11
What is the remainder when 51 is divided by 469/35 - 2/5?
12
Let c = -1 - -12. Let o = -3 + 7. Suppose 18 - 2 = o*g. Calculate the remainder when c is divided by g.
3
Let p(n) = 2*n**2 + n - 2. Let o be (-4)/(-1) + (-3 - -2). Calculate the remainder when 1228/22 + 4/22 is divided by p(o).
18
Suppose -3*s + 17 = 2*p, 0 = -0*p + 3*p - 2*s - 6. Suppose 0 = 4*g - 8 - p. Calculate the remainder when (-2 - (-18)/4)*2 is divided by g.
2
Let a = -13 - -46. Calculate the remainder when 131 is divided by a.
32
Suppose 2*o + 3*o - 67 = 2*a, -3*a = -o + 16. Calculate the remainder when 61 is divided by o.
9
Let s be (2/4)/(1/38). Let o = -7 + s. Calculate the remainder when 71 is divided by o.
11
Calculate the remainder when (60/(-18))/((-4)/132) is divided by 28.
26
Suppose -5*d = -2*d - 6. Suppose -3*b - 26 = -d*z + b, -3*b = 15. What is the remainder when z is divided by 3?
0
Let i(w) = -w**2 + 3*w + 3. Let k be i(3). Suppose -104 = -y - k*y. Calculate the remainder when y is divided by 7.
5
Let j = 26 - 16. Calculate the remainder when 13 is divided by -3 + -1 + (j - -2).
5
Suppose -2*f + 16 = 2*f. Suppose -5*x + 12 = -f*x. Suppose -41 = -2*j - 5*h, -3*j - 3*h + 65 = h. Calculate the remainder when j is divided by x.
11
Suppose y - 8 = -0*y. Suppose -3*k = -5*k + y. What is the remainder when k is divided by 2?
0
Suppose 3*i - 8 + 2 = 0. Suppose 2*j = -i, 2*o + 5*j + 0 - 33 = 0. What is the remainder when 75 is divided by o?
18
Suppose -5*m - u = -0*m - 114, 0 = m + 5*u - 42. Suppose b = 2 + 2. What is the remainder when 21 is divided by (0 - m)*(-2)/b?
10
Let q = 157 + -111. What is the remainder when q is divided by 3 - (-4)/(12/39)?
14
Suppose -13*p + 6554 = 561. Calculate the remainder when p is divided by 66.
65
Let i(j) = -1. Let w(o) = o + 18. Let v(x) = 4*i(x) + w(x). Suppose 0 = 3*b - 5*k - 5, 2*b = 5*b - 2*k - 11. What is the remainder when v(0) is divided by b?
4
Suppose 0 = -i + 4*i - 120. Let m be 10/(-35) + (-144)/(-14). Let t(v) = v + 4. Calculate the remainder when i is divided by t(m).
12
Calculate the remainder when (51/12 - -1)/(9/24) is divided by 9.
5
Suppose 0*o - 4*p = o + 15, 3*p + 24 = -5*o. Suppose 4*f - 12 = 0, 2*a + 2 = -f + 55. What is the remainder when a is divided by (o/(-6))/(2/36)?
7
Let j = 5 - 3. Suppose -j*p + 9 = p. Calculate the remainder when 9 is divided by p.
0
Suppose 4*s - 30 = -3*h - 4, 10 = 2*s. Suppose 0*a - 138 = -h*a. Calculate the remainder when a is divided by 24.
21
Suppose f = 5*i - 3*f - 40, -5*i = 5*f - 40. Calculate the remainder when i is divided by 5.
3
Suppose 6*y = 2*w + y - 47, -134 = -4*w + 2*y. What is the remainder when w is divided by 19?
17
Suppose -5 = -5*t + 2*a + 8, 3*a = -5*t - 7. Let m(g) = 18*g**3 - g**2 + 2*g - 1. Let w = -11 + 21. Calculate the remainder when m(t) is divided by w.
8
Let q(p) = 6*p**3 - 2*p + 1. Let b be q(1). Suppose 25 = -b*r - 40. Let u = r - -50. Calculate the remainder when u is divided by 13.
11
Let o(s) = -14*s**3 + 2*s**2 + s + 3. Let d(k) = -15*k**3 + 3*k**2 + k + 4. Let w(y) = 3*d(y) - 4*o(y). What is the remainder when w(1) is divided by 6?
5
Suppose -33 = y - 4*y. Calculate the remainder when (-328)/(-11) + (-2)/(-11) is divided by y.
8
Let m = -13 - -23. Let b = -54 - -111. Suppose -3*o = -0*o - b. What is the remainder when o is divided by m?
9
Let l be (2/5)/((-2)/10). What is the remainder when (2/4)/(l/(-160)) is divided by 1*-2 + 4 + 12?
12
Suppose -27*a + 32*a = 50. Suppose -2*k - 25 = -7*k. What is the remainder when 17 is divided by ((-36)/a)/(-2)*k?
8
Let t be (1 - 1)*2/4. Suppose 0 = -3*f - 2*w - 2*w + 115, -4*f + w + 128 = t. Calculate the remainder when 129 is divided by f.
30
Suppose -7 = 5*w - 32. Let s = -9 - -17. What is the remainder when s is divided by w?
3
Suppose 0 = -2*j - d + 11, -5*d + 7 = 4*j - 0*d. Let o = j + 0. Suppose m + 27 + 51 = 5*z, -z + 4*m + 27 = 0. Calculate the remainder when z is divided by o.
7
Suppose -p = -8 - 1. What is the remainder when 25 is divided by p?
7
Suppose -19*f + 2880 - 258 = 0. Calculate the remainder when f is divided by 20.
18
Suppose k + 4*k = 185. Let b = -16 + k. Let f = 29 - b. Calculate the remainder when 23 is divided by f.
7
Suppose -5*x - k = -85, x = k + 2 + 15. What is the remainder when 49 is divided by x?
15
Suppose 0*u + 2*u = 18. Suppose k + k = 6. Calculate the remainder when u is divided by k.
0
Let v = 12 + -13. Let i = v - -13. What is the remainder when 33 is divided by i?
9
Suppose 8*c + 33 = 11*c. Calculate the remainder when c is divided by (-2)/(-1) - 3 - -5.
3
Let x = -1 + 19. Calculate the remainder when 33 is divided by x.
15
Suppose 100 = 4*z + 5*h - 3*h, 2*z - 46 = h. Calculate the remainder when 94 is divided by z.
22
Let f(n) = n**2 + n - 1. Let p(h) = 2 - h + 5 + 0*h. What is the remainder when f(4) is divided by p(0)?
5
Suppose 3*p = 14 - 5. Suppose 68 = p*u - u. Suppose 38 = w + 4*i, 0*i = -3*w + 4*i + 34. Calculate the remainder when u is divided by w.
16
Let n(m) = 13*m - 7. What is the remainder when n(2) is divided by 13?
6
Let h(o) = 10*o - 7. Calculate the remainder when 25 is divided by h(2).
12
Suppose -2*o + 1 + 11 = 0. Let m(n) = 2*n**2 - 8*n + 1. Suppose -5*f - 100 = -2*h - 4*f, -h = -5*f - 59. Calculate the remainder wh